{"id":10884,"date":"2025-12-25T17:10:33","date_gmt":"2025-12-25T17:10:33","guid":{"rendered":"http:\/\/pay4less.ma\/?post_type=product&#038;p=10884"},"modified":"2026-01-09T10:59:14","modified_gmt":"2026-01-09T10:59:14","slug":"cuisiniere-candy-90cm-5f-inox","status":"publish","type":"product","link":"https:\/\/pay4less.ma\/?product=cuisiniere-candy-90cm-5f-inox","title":{"rendered":"CUISINIERE CANDY 90CM 5F INOX"},"content":{"rendered":"<p>Le CUIS CANDY 90*60 5F INOX est un mod\u00e8le de cuisini\u00e8re de la marque Candy, sp\u00e9cifiquement con\u00e7u pour offrir des performances de cuisson optimales tout en s&rsquo;int\u00e9grant parfaitement dans votre cuisine gr\u00e2ce \u00e0 son design moderne et pratique. Voici les caract\u00e9ristiques principales de ce mod\u00e8le :<\/p>\n<p>Dimensions :<br \/>\nLargeur : 90 cm<br \/>\nProfondeur : 60 cm Ce format est id\u00e9al pour les cuisines spacieuses, offrant une grande surface de cuisson.<\/p>\n<p>Finition en Inox :<br \/>\nLa cuisini\u00e8re est en acier inoxydable, ce qui lui conf\u00e8re une apparence \u00e9l\u00e9gante, durable et facile \u00e0 nettoyer. L&rsquo;inox est \u00e9galement r\u00e9sistant \u00e0 la chaleur et aux traces de doigts.<\/p>\n<p>5 foyers de cuisson (5F) :<br \/>\nLe mod\u00e8le est \u00e9quip\u00e9 de 5 foyers de cuisson, permettant une grande flexibilit\u00e9 pour pr\u00e9parer plusieurs plats simultan\u00e9ment. Vous pourrez ainsi cuisiner de mani\u00e8re plus efficace.<\/p>\n<p>Fonctionnalit\u00e9s :<br \/>\nIl y a g\u00e9n\u00e9ralement des foyers \u00e0 gaz avec des grilles robustes ou des foyers vitroc\u00e9ramiques (en fonction du mod\u00e8le pr\u00e9cis), offrant une distribution uniforme de la chaleur.<br \/>\nFour int\u00e9gr\u00e9 : Un four spacieux est souvent inclus avec des fonctionnalit\u00e9s comme la chaleur tournante, la grille, et des modes de cuisson divers (gril, convection naturelle, etc.).<\/p>\n<p>Design :<br \/>\nCe mod\u00e8le a un design sobre et moderne, s&rsquo;adaptant \u00e0 divers styles de cuisine, que ce soit des cuisines classiques ou contemporaines.<\/p>\n<p>Facilit\u00e9 d&rsquo;entretien :<br \/>\nLa cuisini\u00e8re en inox est facile \u00e0 entretenir et \u00e0 nettoyer gr\u00e2ce \u00e0 sa surface lisse et r\u00e9sistante.<\/p>\n<p>&nbsp;<\/p>\n","protected":false},"excerpt":{"rendered":"<pre>Finition: Inox\r\nMARQUE : CANDY\r\nNombre de foyers : 5 foyers \r\nType de four : four \u00e0 gaz \r\nTYPE D\u2019\u00c9NERGIE : GAZ \/ \u00c9LECTRIQUE<\/pre>\n","protected":false},"featured_media":11226,"comment_status":"open","ping_status":"closed","template":"","meta":[],"product_brand":[267],"product_cat":[143,133,139],"product_tag":[],"class_list":{"0":"post-10884","1":"product","2":"type-product","3":"status-publish","4":"has-post-thumbnail","6":"product_brand-candy","7":"product_cat-cuisinieres-fours","8":"product_cat-electromenager","9":"product_cat-gros-electromenager","11":"first","12":"instock","13":"shipping-taxable","14":"purchasable","15":"product-type-simple"},"yoast_head":"<!-- This site is optimized with the Yoast SEO Premium plugin v27.1 (Yoast SEO v27.1) - https:\/\/yoast.com\/product\/yoast-seo-premium-wordpress\/ -->\n<title>CUISINIERE CANDY 90CM 5F INOX - PAYLESS MAROC<\/title>\n<meta name=\"robots\" content=\"index, follow, max-snippet:-1, max-image-preview:large, max-video-preview:-1\" \/>\n<link rel=\"canonical\" href=\"https:\/\/pay4less.ma\/?product=cuisiniere-candy-90cm-5f-inox\" \/>\n<meta property=\"og:locale\" content=\"fr_FR\" \/>\n<meta property=\"og:type\" content=\"article\" \/>\n<meta property=\"og:title\" content=\"CUISINIERE CANDY 90CM 5F INOX\" \/>\n<meta property=\"og:description\" content=\"Finition: Inox MARQUE : CANDY Nombre de foyers : 5 foyers  Type de four : four \u00e0 gaz  TYPE D\u2019\u00c9NERGIE : GAZ \/ \u00c9LECTRIQUE\" \/>\n<meta property=\"og:url\" content=\"https:\/\/pay4less.ma\/?product=cuisiniere-candy-90cm-5f-inox\" \/>\n<meta property=\"og:site_name\" content=\"PAYLESS MAROC\" \/>\n<meta property=\"article:publisher\" content=\"https:\/\/www.facebook.com\/paylessmaroc\" \/>\n<meta property=\"article:modified_time\" content=\"2026-01-09T10:59:14+00:00\" \/>\n<meta property=\"og:image\" content=\"https:\/\/pay4less.ma\/wp-content\/uploads\/2025\/12\/CUISINIERE-CANDY-90-60-5F-INOX1.png\" \/>\n\t<meta property=\"og:image:width\" content=\"700\" \/>\n\t<meta property=\"og:image:height\" content=\"800\" \/>\n\t<meta property=\"og:image:type\" content=\"image\/png\" \/>\n<meta name=\"twitter:card\" content=\"summary_large_image\" \/>\n<meta name=\"twitter:label1\" content=\"Dur\u00e9e de lecture estim\u00e9e\" \/>\n\t<meta name=\"twitter:data1\" content=\"1 minute\" \/>\n<script type=\"application\/ld+json\" class=\"yoast-schema-graph\">{\"@context\":\"https:\/\/schema.org\",\"@graph\":[{\"@type\":\"WebPage\",\"@id\":\"https:\/\/pay4less.ma\/?product=cuisiniere-candy-90cm-5f-inox\",\"url\":\"https:\/\/pay4less.ma\/?product=cuisiniere-candy-90cm-5f-inox\",\"name\":\"CUISINIERE CANDY 90CM 5F INOX - PAYLESS MAROC\",\"isPartOf\":{\"@id\":\"https:\/\/pay4less.ma\/#website\"},\"primaryImageOfPage\":{\"@id\":\"https:\/\/pay4less.ma\/?product=cuisiniere-candy-90cm-5f-inox#primaryimage\"},\"image\":{\"@id\":\"https:\/\/pay4less.ma\/?product=cuisiniere-candy-90cm-5f-inox#primaryimage\"},\"thumbnailUrl\":\"https:\/\/pay4less.ma\/wp-content\/uploads\/2025\/12\/CUISINIERE-CANDY-90-60-5F-INOX1.png\",\"datePublished\":\"2025-12-25T17:10:33+00:00\",\"dateModified\":\"2026-01-09T10:59:14+00:00\",\"breadcrumb\":{\"@id\":\"https:\/\/pay4less.ma\/?product=cuisiniere-candy-90cm-5f-inox#breadcrumb\"},\"inLanguage\":\"fr-FR\",\"potentialAction\":[{\"@type\":\"ReadAction\",\"target\":[\"https:\/\/pay4less.ma\/?product=cuisiniere-candy-90cm-5f-inox\"]}]},{\"@type\":\"ImageObject\",\"inLanguage\":\"fr-FR\",\"@id\":\"https:\/\/pay4less.ma\/?product=cuisiniere-candy-90cm-5f-inox#primaryimage\",\"url\":\"https:\/\/pay4less.ma\/wp-content\/uploads\/2025\/12\/CUISINIERE-CANDY-90-60-5F-INOX1.png\",\"contentUrl\":\"https:\/\/pay4less.ma\/wp-content\/uploads\/2025\/12\/CUISINIERE-CANDY-90-60-5F-INOX1.png\",\"width\":700,\"height\":800},{\"@type\":\"BreadcrumbList\",\"@id\":\"https:\/\/pay4less.ma\/?product=cuisiniere-candy-90cm-5f-inox#breadcrumb\",\"itemListElement\":[{\"@type\":\"ListItem\",\"position\":1,\"name\":\"Accueil\",\"item\":\"https:\/\/pay4less.ma\/\"},{\"@type\":\"ListItem\",\"position\":2,\"name\":\"Shop\",\"item\":\"https:\/\/pay4less.ma\/?page_id=10644\"},{\"@type\":\"ListItem\",\"position\":3,\"name\":\"CUISINIERE CANDY 90CM 5F INOX\"}]},{\"@type\":\"WebSite\",\"@id\":\"https:\/\/pay4less.ma\/#website\",\"url\":\"https:\/\/pay4less.ma\/\",\"name\":\"PAYLESS MAROC\",\"description\":\"PAYLESS \u2013 Votre sp\u00e9cialiste en \u00e9lectrom\u00e9nager, TV et PC au Maroc. Qualit\u00e9, prix justes et service de confiance.\",\"publisher\":{\"@id\":\"https:\/\/pay4less.ma\/#organization\"},\"alternateName\":\"PAY4LESS\",\"potentialAction\":[{\"@type\":\"SearchAction\",\"target\":{\"@type\":\"EntryPoint\",\"urlTemplate\":\"https:\/\/pay4less.ma\/?s={search_term_string}\"},\"query-input\":{\"@type\":\"PropertyValueSpecification\",\"valueRequired\":true,\"valueName\":\"search_term_string\"}}],\"inLanguage\":\"fr-FR\"},{\"@type\":\"Organization\",\"@id\":\"https:\/\/pay4less.ma\/#organization\",\"name\":\"PAYLESS MAROC\",\"alternateName\":\"PAY4LESS\",\"url\":\"https:\/\/pay4less.ma\/\",\"logo\":{\"@type\":\"ImageObject\",\"inLanguage\":\"fr-FR\",\"@id\":\"https:\/\/pay4less.ma\/#\/schema\/logo\/image\/\",\"url\":\"https:\/\/pay4less.ma\/wp-content\/uploads\/2025\/12\/350X100-PX.png\",\"contentUrl\":\"https:\/\/pay4less.ma\/wp-content\/uploads\/2025\/12\/350X100-PX.png\",\"width\":350,\"height\":100,\"caption\":\"PAYLESS MAROC\"},\"image\":{\"@id\":\"https:\/\/pay4less.ma\/#\/schema\/logo\/image\/\"},\"sameAs\":[\"https:\/\/www.facebook.com\/paylessmaroc\",\"https:\/\/instagram.com\/paylessmaroc1\"]}]}<\/script>\n<!-- \/ Yoast SEO Premium plugin. -->","yoast_head_json":{"title":"CUISINIERE CANDY 90CM 5F INOX - PAYLESS MAROC","robots":{"index":"index","follow":"follow","max-snippet":"max-snippet:-1","max-image-preview":"max-image-preview:large","max-video-preview":"max-video-preview:-1"},"canonical":"https:\/\/pay4less.ma\/?product=cuisiniere-candy-90cm-5f-inox","og_locale":"fr_FR","og_type":"article","og_title":"CUISINIERE CANDY 90CM 5F INOX","og_description":"Finition: Inox MARQUE : CANDY Nombre de foyers : 5 foyers  Type de four : four \u00e0 gaz  TYPE D\u2019\u00c9NERGIE : GAZ \/ \u00c9LECTRIQUE","og_url":"https:\/\/pay4less.ma\/?product=cuisiniere-candy-90cm-5f-inox","og_site_name":"PAYLESS MAROC","article_publisher":"https:\/\/www.facebook.com\/paylessmaroc","article_modified_time":"2026-01-09T10:59:14+00:00","og_image":[{"width":700,"height":800,"url":"https:\/\/pay4less.ma\/wp-content\/uploads\/2025\/12\/CUISINIERE-CANDY-90-60-5F-INOX1.png","type":"image\/png"}],"twitter_card":"summary_large_image","twitter_misc":{"Dur\u00e9e de lecture estim\u00e9e":"1 minute"},"schema":{"@context":"https:\/\/schema.org","@graph":[{"@type":"WebPage","@id":"https:\/\/pay4less.ma\/?product=cuisiniere-candy-90cm-5f-inox","url":"https:\/\/pay4less.ma\/?product=cuisiniere-candy-90cm-5f-inox","name":"CUISINIERE CANDY 90CM 5F INOX - PAYLESS MAROC","isPartOf":{"@id":"https:\/\/pay4less.ma\/#website"},"primaryImageOfPage":{"@id":"https:\/\/pay4less.ma\/?product=cuisiniere-candy-90cm-5f-inox#primaryimage"},"image":{"@id":"https:\/\/pay4less.ma\/?product=cuisiniere-candy-90cm-5f-inox#primaryimage"},"thumbnailUrl":"https:\/\/pay4less.ma\/wp-content\/uploads\/2025\/12\/CUISINIERE-CANDY-90-60-5F-INOX1.png","datePublished":"2025-12-25T17:10:33+00:00","dateModified":"2026-01-09T10:59:14+00:00","breadcrumb":{"@id":"https:\/\/pay4less.ma\/?product=cuisiniere-candy-90cm-5f-inox#breadcrumb"},"inLanguage":"fr-FR","potentialAction":[{"@type":"ReadAction","target":["https:\/\/pay4less.ma\/?product=cuisiniere-candy-90cm-5f-inox"]}]},{"@type":"ImageObject","inLanguage":"fr-FR","@id":"https:\/\/pay4less.ma\/?product=cuisiniere-candy-90cm-5f-inox#primaryimage","url":"https:\/\/pay4less.ma\/wp-content\/uploads\/2025\/12\/CUISINIERE-CANDY-90-60-5F-INOX1.png","contentUrl":"https:\/\/pay4less.ma\/wp-content\/uploads\/2025\/12\/CUISINIERE-CANDY-90-60-5F-INOX1.png","width":700,"height":800},{"@type":"BreadcrumbList","@id":"https:\/\/pay4less.ma\/?product=cuisiniere-candy-90cm-5f-inox#breadcrumb","itemListElement":[{"@type":"ListItem","position":1,"name":"Accueil","item":"https:\/\/pay4less.ma\/"},{"@type":"ListItem","position":2,"name":"Shop","item":"https:\/\/pay4less.ma\/?page_id=10644"},{"@type":"ListItem","position":3,"name":"CUISINIERE CANDY 90CM 5F INOX"}]},{"@type":"WebSite","@id":"https:\/\/pay4less.ma\/#website","url":"https:\/\/pay4less.ma\/","name":"PAYLESS MAROC","description":"PAYLESS \u2013 Votre sp\u00e9cialiste en \u00e9lectrom\u00e9nager, TV et PC au Maroc. Qualit\u00e9, prix justes et service de confiance.","publisher":{"@id":"https:\/\/pay4less.ma\/#organization"},"alternateName":"PAY4LESS","potentialAction":[{"@type":"SearchAction","target":{"@type":"EntryPoint","urlTemplate":"https:\/\/pay4less.ma\/?s={search_term_string}"},"query-input":{"@type":"PropertyValueSpecification","valueRequired":true,"valueName":"search_term_string"}}],"inLanguage":"fr-FR"},{"@type":"Organization","@id":"https:\/\/pay4less.ma\/#organization","name":"PAYLESS MAROC","alternateName":"PAY4LESS","url":"https:\/\/pay4less.ma\/","logo":{"@type":"ImageObject","inLanguage":"fr-FR","@id":"https:\/\/pay4less.ma\/#\/schema\/logo\/image\/","url":"https:\/\/pay4less.ma\/wp-content\/uploads\/2025\/12\/350X100-PX.png","contentUrl":"https:\/\/pay4less.ma\/wp-content\/uploads\/2025\/12\/350X100-PX.png","width":350,"height":100,"caption":"PAYLESS MAROC"},"image":{"@id":"https:\/\/pay4less.ma\/#\/schema\/logo\/image\/"},"sameAs":["https:\/\/www.facebook.com\/paylessmaroc","https:\/\/instagram.com\/paylessmaroc1"]}]}},"jetpack_sharing_enabled":true,"_links":{"self":[{"href":"https:\/\/pay4less.ma\/index.php?rest_route=\/wp\/v2\/product\/10884","targetHints":{"allow":["GET"]}}],"collection":[{"href":"https:\/\/pay4less.ma\/index.php?rest_route=\/wp\/v2\/product"}],"about":[{"href":"https:\/\/pay4less.ma\/index.php?rest_route=\/wp\/v2\/types\/product"}],"replies":[{"embeddable":true,"href":"https:\/\/pay4less.ma\/index.php?rest_route=%2Fwp%2Fv2%2Fcomments&post=10884"}],"version-history":[{"count":3,"href":"https:\/\/pay4less.ma\/index.php?rest_route=\/wp\/v2\/product\/10884\/revisions"}],"predecessor-version":[{"id":11227,"href":"https:\/\/pay4less.ma\/index.php?rest_route=\/wp\/v2\/product\/10884\/revisions\/11227"}],"wp:featuredmedia":[{"embeddable":true,"href":"https:\/\/pay4less.ma\/index.php?rest_route=\/wp\/v2\/media\/11226"}],"wp:attachment":[{"href":"https:\/\/pay4less.ma\/index.php?rest_route=%2Fwp%2Fv2%2Fmedia&parent=10884"}],"wp:term":[{"taxonomy":"product_brand","embeddable":true,"href":"https:\/\/pay4less.ma\/index.php?rest_route=%2Fwp%2Fv2%2Fproduct_brand&post=10884"},{"taxonomy":"product_cat","embeddable":true,"href":"https:\/\/pay4less.ma\/index.php?rest_route=%2Fwp%2Fv2%2Fproduct_cat&post=10884"},{"taxonomy":"product_tag","embeddable":true,"href":"https:\/\/pay4less.ma\/index.php?rest_route=%2Fwp%2Fv2%2Fproduct_tag&post=10884"}],"curies":[{"name":"wp","href":"https:\/\/api.w.org\/{rel}","templated":true}]}}