{"id":10955,"date":"2025-12-28T14:28:41","date_gmt":"2025-12-28T14:28:41","guid":{"rendered":"https:\/\/pay4less.ma\/?post_type=product&#038;p=10955"},"modified":"2026-01-09T09:47:09","modified_gmt":"2026-01-09T09:47:09","slug":"bouilloire-taurus-siena-glass","status":"publish","type":"product","link":"https:\/\/pay4less.ma\/?product=bouilloire-taurus-siena-glass","title":{"rendered":"BOUILLOIRE TAURUS SIENA GLASS"},"content":{"rendered":"<p><strong>Design et finition: Bouilloire en Plastique blanc sans BPA\u00a0 Conception d\u2019inspiration contemporaine<\/strong><\/p>\n<div id=\"tab-content\" class=\"tab-content\">\n<div id=\"description\" class=\"tab-pane fade in active js-product-tab-active\" role=\"tabpanel\">\n<div class=\"product-description\">\n<div class=\"description woocommerce-product-details__short-description\">\n<p><strong>Puissance<\/strong>\u00a0: 2200W pour pr\u00e9parer vos boissons chaudes en un temps record,Illumination bleu pendant l\u2019\u00e9bullition \u2013 Couvercle amovible<\/p>\n<p><strong>Capacit\u00e9<\/strong>: Grande Capacit\u00e9 d\u20191,7 litres pour pr\u00e9parer une grande quantit\u00e9 d\u2019eau chaude en une seule tourn\u00e9e<\/p>\n<p><strong>Pratique<\/strong>: Poign\u00e9e ferm\u00e9e \u2013 Base 360 \u200b\u200bavec rangement pour cordon<\/p>\n<p><strong>R\u00e9sistance<\/strong>: Meilleure r\u00e9sistance au tartre gr\u00e2ce \u00e0 sa r\u00e9sistance cach\u00e9e et son filtre antitartre amovible<\/p>\n<p><strong>Arr\u00eat automatique<\/strong>\u00a0apr\u00e8s \u00e9bullition<\/p>\n<p><strong>Filtre anti-calcaire Amovible<\/strong>\u00a0: la garantie d\u2019une bouilloire et d\u2019une eau propre pour pr\u00e9parer de d\u00e9licieuses boissons chaudes<\/p>\n<\/div>\n<\/div>\n<\/div>\n<\/div>\n","protected":false},"excerpt":{"rendered":"<p>Design et finition: Bouilloire en Plastique blanc sans BPA\u00a0 Conception d\u2019inspiration contemporaine Puissance\u00a0: 2200W pour pr\u00e9parer vos boissons chaudes en<\/p>\n","protected":false},"featured_media":11219,"comment_status":"open","ping_status":"closed","template":"","meta":[],"product_brand":[272],"product_cat":[341,133,340,144],"product_tag":[],"class_list":{"0":"post-10955","1":"product","2":"type-product","3":"status-publish","4":"has-post-thumbnail","6":"product_brand-taurus","7":"product_cat-bouilloire","8":"product_cat-electromenager","9":"product_cat-petit-dejeuner","10":"product_cat-petit-electromenager","12":"first","13":"instock","14":"sale","15":"shipping-taxable","16":"purchasable","17":"product-type-simple"},"yoast_head":"<!-- This site is optimized with the Yoast SEO Premium plugin v27.1 (Yoast SEO v27.1) - https:\/\/yoast.com\/product\/yoast-seo-premium-wordpress\/ -->\n<title>BOUILLOIRE TAURUS SIENA GLASS - PAYLESS MAROC<\/title>\n<meta name=\"robots\" content=\"index, follow, max-snippet:-1, max-image-preview:large, max-video-preview:-1\" \/>\n<link rel=\"canonical\" href=\"https:\/\/pay4less.ma\/?product=bouilloire-taurus-siena-glass\" \/>\n<meta property=\"og:locale\" content=\"fr_FR\" \/>\n<meta property=\"og:type\" content=\"article\" \/>\n<meta property=\"og:title\" content=\"BOUILLOIRE TAURUS SIENA GLASS\" \/>\n<meta property=\"og:description\" content=\"Design et finition: Bouilloire en Plastique blanc sans BPA\u00a0 Conception d\u2019inspiration contemporaine Puissance\u00a0: 2200W pour pr\u00e9parer vos boissons chaudes en\" \/>\n<meta property=\"og:url\" content=\"https:\/\/pay4less.ma\/?product=bouilloire-taurus-siena-glass\" \/>\n<meta property=\"og:site_name\" content=\"PAYLESS MAROC\" \/>\n<meta property=\"article:publisher\" content=\"https:\/\/www.facebook.com\/paylessmaroc\" \/>\n<meta property=\"article:modified_time\" content=\"2026-01-09T09:47:09+00:00\" \/>\n<meta property=\"og:image\" content=\"https:\/\/pay4less.ma\/wp-content\/uploads\/2025\/12\/BLENDER-MOULINEX-500W1.png\" \/>\n\t<meta property=\"og:image:width\" content=\"700\" \/>\n\t<meta property=\"og:image:height\" content=\"800\" \/>\n\t<meta property=\"og:image:type\" content=\"image\/png\" \/>\n<meta name=\"twitter:card\" content=\"summary_large_image\" \/>\n<meta name=\"twitter:label1\" content=\"Dur\u00e9e de lecture estim\u00e9e\" \/>\n\t<meta name=\"twitter:data1\" content=\"1 minute\" \/>\n<script type=\"application\/ld+json\" class=\"yoast-schema-graph\">{\"@context\":\"https:\/\/schema.org\",\"@graph\":[{\"@type\":\"WebPage\",\"@id\":\"https:\/\/pay4less.ma\/?product=bouilloire-taurus-siena-glass\",\"url\":\"https:\/\/pay4less.ma\/?product=bouilloire-taurus-siena-glass\",\"name\":\"BOUILLOIRE TAURUS SIENA GLASS - PAYLESS MAROC\",\"isPartOf\":{\"@id\":\"https:\/\/pay4less.ma\/#website\"},\"primaryImageOfPage\":{\"@id\":\"https:\/\/pay4less.ma\/?product=bouilloire-taurus-siena-glass#primaryimage\"},\"image\":{\"@id\":\"https:\/\/pay4less.ma\/?product=bouilloire-taurus-siena-glass#primaryimage\"},\"thumbnailUrl\":\"https:\/\/pay4less.ma\/wp-content\/uploads\/2025\/12\/BLENDER-MOULINEX-500W1.png\",\"datePublished\":\"2025-12-28T14:28:41+00:00\",\"dateModified\":\"2026-01-09T09:47:09+00:00\",\"breadcrumb\":{\"@id\":\"https:\/\/pay4less.ma\/?product=bouilloire-taurus-siena-glass#breadcrumb\"},\"inLanguage\":\"fr-FR\",\"potentialAction\":[{\"@type\":\"ReadAction\",\"target\":[\"https:\/\/pay4less.ma\/?product=bouilloire-taurus-siena-glass\"]}]},{\"@type\":\"ImageObject\",\"inLanguage\":\"fr-FR\",\"@id\":\"https:\/\/pay4less.ma\/?product=bouilloire-taurus-siena-glass#primaryimage\",\"url\":\"https:\/\/pay4less.ma\/wp-content\/uploads\/2025\/12\/BLENDER-MOULINEX-500W1.png\",\"contentUrl\":\"https:\/\/pay4less.ma\/wp-content\/uploads\/2025\/12\/BLENDER-MOULINEX-500W1.png\",\"width\":700,\"height\":800},{\"@type\":\"BreadcrumbList\",\"@id\":\"https:\/\/pay4less.ma\/?product=bouilloire-taurus-siena-glass#breadcrumb\",\"itemListElement\":[{\"@type\":\"ListItem\",\"position\":1,\"name\":\"Accueil\",\"item\":\"https:\/\/pay4less.ma\/\"},{\"@type\":\"ListItem\",\"position\":2,\"name\":\"Shop\",\"item\":\"https:\/\/pay4less.ma\/?page_id=10644\"},{\"@type\":\"ListItem\",\"position\":3,\"name\":\"BOUILLOIRE TAURUS SIENA GLASS\"}]},{\"@type\":\"WebSite\",\"@id\":\"https:\/\/pay4less.ma\/#website\",\"url\":\"https:\/\/pay4less.ma\/\",\"name\":\"PAYLESS MAROC\",\"description\":\"PAYLESS \u2013 Votre sp\u00e9cialiste en \u00e9lectrom\u00e9nager, TV et PC au Maroc. Qualit\u00e9, prix justes et service de confiance.\",\"publisher\":{\"@id\":\"https:\/\/pay4less.ma\/#organization\"},\"alternateName\":\"PAY4LESS\",\"potentialAction\":[{\"@type\":\"SearchAction\",\"target\":{\"@type\":\"EntryPoint\",\"urlTemplate\":\"https:\/\/pay4less.ma\/?s={search_term_string}\"},\"query-input\":{\"@type\":\"PropertyValueSpecification\",\"valueRequired\":true,\"valueName\":\"search_term_string\"}}],\"inLanguage\":\"fr-FR\"},{\"@type\":\"Organization\",\"@id\":\"https:\/\/pay4less.ma\/#organization\",\"name\":\"PAYLESS MAROC\",\"alternateName\":\"PAY4LESS\",\"url\":\"https:\/\/pay4less.ma\/\",\"logo\":{\"@type\":\"ImageObject\",\"inLanguage\":\"fr-FR\",\"@id\":\"https:\/\/pay4less.ma\/#\/schema\/logo\/image\/\",\"url\":\"https:\/\/pay4less.ma\/wp-content\/uploads\/2025\/12\/350X100-PX.png\",\"contentUrl\":\"https:\/\/pay4less.ma\/wp-content\/uploads\/2025\/12\/350X100-PX.png\",\"width\":350,\"height\":100,\"caption\":\"PAYLESS MAROC\"},\"image\":{\"@id\":\"https:\/\/pay4less.ma\/#\/schema\/logo\/image\/\"},\"sameAs\":[\"https:\/\/www.facebook.com\/paylessmaroc\",\"https:\/\/instagram.com\/paylessmaroc1\"]}]}<\/script>\n<!-- \/ Yoast SEO Premium plugin. -->","yoast_head_json":{"title":"BOUILLOIRE TAURUS SIENA GLASS - PAYLESS MAROC","robots":{"index":"index","follow":"follow","max-snippet":"max-snippet:-1","max-image-preview":"max-image-preview:large","max-video-preview":"max-video-preview:-1"},"canonical":"https:\/\/pay4less.ma\/?product=bouilloire-taurus-siena-glass","og_locale":"fr_FR","og_type":"article","og_title":"BOUILLOIRE TAURUS SIENA GLASS","og_description":"Design et finition: Bouilloire en Plastique blanc sans BPA\u00a0 Conception d\u2019inspiration contemporaine Puissance\u00a0: 2200W pour pr\u00e9parer vos boissons chaudes en","og_url":"https:\/\/pay4less.ma\/?product=bouilloire-taurus-siena-glass","og_site_name":"PAYLESS MAROC","article_publisher":"https:\/\/www.facebook.com\/paylessmaroc","article_modified_time":"2026-01-09T09:47:09+00:00","og_image":[{"width":700,"height":800,"url":"https:\/\/pay4less.ma\/wp-content\/uploads\/2025\/12\/BLENDER-MOULINEX-500W1.png","type":"image\/png"}],"twitter_card":"summary_large_image","twitter_misc":{"Dur\u00e9e de lecture estim\u00e9e":"1 minute"},"schema":{"@context":"https:\/\/schema.org","@graph":[{"@type":"WebPage","@id":"https:\/\/pay4less.ma\/?product=bouilloire-taurus-siena-glass","url":"https:\/\/pay4less.ma\/?product=bouilloire-taurus-siena-glass","name":"BOUILLOIRE TAURUS SIENA GLASS - PAYLESS MAROC","isPartOf":{"@id":"https:\/\/pay4less.ma\/#website"},"primaryImageOfPage":{"@id":"https:\/\/pay4less.ma\/?product=bouilloire-taurus-siena-glass#primaryimage"},"image":{"@id":"https:\/\/pay4less.ma\/?product=bouilloire-taurus-siena-glass#primaryimage"},"thumbnailUrl":"https:\/\/pay4less.ma\/wp-content\/uploads\/2025\/12\/BLENDER-MOULINEX-500W1.png","datePublished":"2025-12-28T14:28:41+00:00","dateModified":"2026-01-09T09:47:09+00:00","breadcrumb":{"@id":"https:\/\/pay4less.ma\/?product=bouilloire-taurus-siena-glass#breadcrumb"},"inLanguage":"fr-FR","potentialAction":[{"@type":"ReadAction","target":["https:\/\/pay4less.ma\/?product=bouilloire-taurus-siena-glass"]}]},{"@type":"ImageObject","inLanguage":"fr-FR","@id":"https:\/\/pay4less.ma\/?product=bouilloire-taurus-siena-glass#primaryimage","url":"https:\/\/pay4less.ma\/wp-content\/uploads\/2025\/12\/BLENDER-MOULINEX-500W1.png","contentUrl":"https:\/\/pay4less.ma\/wp-content\/uploads\/2025\/12\/BLENDER-MOULINEX-500W1.png","width":700,"height":800},{"@type":"BreadcrumbList","@id":"https:\/\/pay4less.ma\/?product=bouilloire-taurus-siena-glass#breadcrumb","itemListElement":[{"@type":"ListItem","position":1,"name":"Accueil","item":"https:\/\/pay4less.ma\/"},{"@type":"ListItem","position":2,"name":"Shop","item":"https:\/\/pay4less.ma\/?page_id=10644"},{"@type":"ListItem","position":3,"name":"BOUILLOIRE TAURUS SIENA GLASS"}]},{"@type":"WebSite","@id":"https:\/\/pay4less.ma\/#website","url":"https:\/\/pay4less.ma\/","name":"PAYLESS MAROC","description":"PAYLESS \u2013 Votre sp\u00e9cialiste en \u00e9lectrom\u00e9nager, TV et PC au Maroc. Qualit\u00e9, prix justes et service de confiance.","publisher":{"@id":"https:\/\/pay4less.ma\/#organization"},"alternateName":"PAY4LESS","potentialAction":[{"@type":"SearchAction","target":{"@type":"EntryPoint","urlTemplate":"https:\/\/pay4less.ma\/?s={search_term_string}"},"query-input":{"@type":"PropertyValueSpecification","valueRequired":true,"valueName":"search_term_string"}}],"inLanguage":"fr-FR"},{"@type":"Organization","@id":"https:\/\/pay4less.ma\/#organization","name":"PAYLESS MAROC","alternateName":"PAY4LESS","url":"https:\/\/pay4less.ma\/","logo":{"@type":"ImageObject","inLanguage":"fr-FR","@id":"https:\/\/pay4less.ma\/#\/schema\/logo\/image\/","url":"https:\/\/pay4less.ma\/wp-content\/uploads\/2025\/12\/350X100-PX.png","contentUrl":"https:\/\/pay4less.ma\/wp-content\/uploads\/2025\/12\/350X100-PX.png","width":350,"height":100,"caption":"PAYLESS MAROC"},"image":{"@id":"https:\/\/pay4less.ma\/#\/schema\/logo\/image\/"},"sameAs":["https:\/\/www.facebook.com\/paylessmaroc","https:\/\/instagram.com\/paylessmaroc1"]}]}},"jetpack_sharing_enabled":true,"_links":{"self":[{"href":"https:\/\/pay4less.ma\/index.php?rest_route=\/wp\/v2\/product\/10955","targetHints":{"allow":["GET"]}}],"collection":[{"href":"https:\/\/pay4less.ma\/index.php?rest_route=\/wp\/v2\/product"}],"about":[{"href":"https:\/\/pay4less.ma\/index.php?rest_route=\/wp\/v2\/types\/product"}],"replies":[{"embeddable":true,"href":"https:\/\/pay4less.ma\/index.php?rest_route=%2Fwp%2Fv2%2Fcomments&post=10955"}],"version-history":[{"count":1,"href":"https:\/\/pay4less.ma\/index.php?rest_route=\/wp\/v2\/product\/10955\/revisions"}],"predecessor-version":[{"id":10957,"href":"https:\/\/pay4less.ma\/index.php?rest_route=\/wp\/v2\/product\/10955\/revisions\/10957"}],"wp:featuredmedia":[{"embeddable":true,"href":"https:\/\/pay4less.ma\/index.php?rest_route=\/wp\/v2\/media\/11219"}],"wp:attachment":[{"href":"https:\/\/pay4less.ma\/index.php?rest_route=%2Fwp%2Fv2%2Fmedia&parent=10955"}],"wp:term":[{"taxonomy":"product_brand","embeddable":true,"href":"https:\/\/pay4less.ma\/index.php?rest_route=%2Fwp%2Fv2%2Fproduct_brand&post=10955"},{"taxonomy":"product_cat","embeddable":true,"href":"https:\/\/pay4less.ma\/index.php?rest_route=%2Fwp%2Fv2%2Fproduct_cat&post=10955"},{"taxonomy":"product_tag","embeddable":true,"href":"https:\/\/pay4less.ma\/index.php?rest_route=%2Fwp%2Fv2%2Fproduct_tag&post=10955"}],"curies":[{"name":"wp","href":"https:\/\/api.w.org\/{rel}","templated":true}]}}