{"id":11214,"date":"2026-01-09T09:27:01","date_gmt":"2026-01-09T09:27:01","guid":{"rendered":"https:\/\/pay4less.ma\/?post_type=product&#038;p=11214"},"modified":"2026-01-09T10:34:26","modified_gmt":"2026-01-09T10:34:26","slug":"bain-dhuile-midea-9-elements-2000w-noir","status":"publish","type":"product","link":"https:\/\/pay4less.ma\/?product=bain-dhuile-midea-9-elements-2000w-noir","title":{"rendered":"BAIN D&rsquo;HUILE MIDEA 9 \u00c9L\u00c9MENTS 2000W NOIR"},"content":{"rendered":"<div id=\"description\" class=\"tab-pane fade js-product-tab-active active in\" role=\"tabpanel\" aria-expanded=\"true\">\n<div class=\"product-description\">\n<h2>BAIN D&rsquo;HUILE MIDEA 9 \u00c9L\u00c9MENTS 2000W NOIR<\/h2>\n<div>\n<div class=\"border-borderMain\/50 ring-borderMain\/50 divide-borderMain\/50 dark:divide-borderMainDark\/50 dark:ring-borderMainDark\/50 dark:border-borderMainDark\/50 bg-transparent\">\n<div class=\"mb-md\">\n<div class=\"relative default font-sans text-base text-textMain dark:text-textMainDark selection:bg-super\/50 selection:text-textMain dark:selection:bg-superDuper\/10 dark:selection:text-superDark\">\n<div class=\"min-w-0 break-words [word-break:break-word]\">\n<div>\n<div class=\"prose dark:prose-invert inline leading-normal break-words min-w-0 [word-break:break-word]\">Le bain d&rsquo;huile NY2009-22MR , id\u00e9al pour chauffer des espaces de 10 \u00e0 15 m\u00b2. Avec une puissance nominale de 2000 W, il propose trois niveaux de chaleur (800\/1200\/2000 W) et est \u00e9quip\u00e9 d&rsquo;une fonction de minuterie de 24 heures, ainsi que d&rsquo;une protection contre la surchauffe. Compact et l\u00e9ger, il mesure 320 mm de long, 240 mm de large et 640 mm de haut, ce qui facilite son installation dans divers environnements. Ce mod\u00e8le est con\u00e7u pour offrir un confort thermique tout en \u00e9tant respectueux de l&rsquo;environnement (certifi\u00e9 RoHS).<\/div>\n<\/div>\n<\/div>\n<\/div>\n<\/div>\n<\/div>\n<\/div>\n<\/div>\n<\/div>\n","protected":false},"excerpt":{"rendered":"<pre>MARQUE : MIDEA \r\nTYPE : ELECTRIQUE \r\nPUISSANCE : 2000 W \r\nCONTROLE : MECANIQUE \r\nZONE APPLICABLE : 10-15m\u00b2<\/pre>\n","protected":false},"featured_media":11215,"comment_status":"open","ping_status":"closed","template":"","meta":[],"product_brand":[231],"product_cat":[198],"product_tag":[],"class_list":{"0":"post-11214","1":"product","2":"type-product","3":"status-publish","4":"has-post-thumbnail","6":"product_brand-midea","7":"product_cat-chauffage","9":"first","10":"instock","11":"sale","12":"featured","13":"shipping-taxable","14":"purchasable","15":"product-type-simple"},"yoast_head":"<!-- This site is optimized with the Yoast SEO Premium plugin v27.1 (Yoast SEO v27.1) - https:\/\/yoast.com\/product\/yoast-seo-premium-wordpress\/ -->\n<title>BAIN D&#039;HUILE MIDEA 9 \u00c9L\u00c9MENTS 2000W NOIR - PAYLESS MAROC<\/title>\n<meta name=\"robots\" content=\"index, follow, max-snippet:-1, max-image-preview:large, max-video-preview:-1\" \/>\n<link rel=\"canonical\" href=\"https:\/\/pay4less.ma\/?product=bain-dhuile-midea-9-elements-2000w-noir\" \/>\n<meta property=\"og:locale\" content=\"fr_FR\" \/>\n<meta property=\"og:type\" content=\"article\" \/>\n<meta property=\"og:title\" content=\"BAIN D&#039;HUILE MIDEA 9 \u00c9L\u00c9MENTS 2000W NOIR\" \/>\n<meta property=\"og:description\" content=\"MARQUE : MIDEA  TYPE : ELECTRIQUE  PUISSANCE : 2000 W  CONTROLE : MECANIQUE  ZONE APPLICABLE : 10-15m\u00b2\" \/>\n<meta property=\"og:url\" content=\"https:\/\/pay4less.ma\/?product=bain-dhuile-midea-9-elements-2000w-noir\" \/>\n<meta property=\"og:site_name\" content=\"PAYLESS MAROC\" \/>\n<meta property=\"article:publisher\" content=\"https:\/\/www.facebook.com\/paylessmaroc\" \/>\n<meta property=\"article:modified_time\" content=\"2026-01-09T10:34:26+00:00\" \/>\n<meta property=\"og:image\" content=\"https:\/\/pay4less.ma\/wp-content\/uploads\/2026\/01\/lg-f4v9rc9p-11.png\" \/>\n\t<meta property=\"og:image:width\" content=\"700\" \/>\n\t<meta property=\"og:image:height\" content=\"800\" \/>\n\t<meta property=\"og:image:type\" content=\"image\/png\" \/>\n<meta name=\"twitter:card\" content=\"summary_large_image\" \/>\n<script type=\"application\/ld+json\" class=\"yoast-schema-graph\">{\"@context\":\"https:\/\/schema.org\",\"@graph\":[{\"@type\":\"WebPage\",\"@id\":\"https:\/\/pay4less.ma\/?product=bain-dhuile-midea-9-elements-2000w-noir\",\"url\":\"https:\/\/pay4less.ma\/?product=bain-dhuile-midea-9-elements-2000w-noir\",\"name\":\"BAIN D'HUILE MIDEA 9 \u00c9L\u00c9MENTS 2000W NOIR - PAYLESS MAROC\",\"isPartOf\":{\"@id\":\"https:\/\/pay4less.ma\/#website\"},\"primaryImageOfPage\":{\"@id\":\"https:\/\/pay4less.ma\/?product=bain-dhuile-midea-9-elements-2000w-noir#primaryimage\"},\"image\":{\"@id\":\"https:\/\/pay4less.ma\/?product=bain-dhuile-midea-9-elements-2000w-noir#primaryimage\"},\"thumbnailUrl\":\"https:\/\/pay4less.ma\/wp-content\/uploads\/2026\/01\/lg-f4v9rc9p-11.png\",\"datePublished\":\"2026-01-09T09:27:01+00:00\",\"dateModified\":\"2026-01-09T10:34:26+00:00\",\"breadcrumb\":{\"@id\":\"https:\/\/pay4less.ma\/?product=bain-dhuile-midea-9-elements-2000w-noir#breadcrumb\"},\"inLanguage\":\"fr-FR\",\"potentialAction\":[{\"@type\":\"ReadAction\",\"target\":[\"https:\/\/pay4less.ma\/?product=bain-dhuile-midea-9-elements-2000w-noir\"]}]},{\"@type\":\"ImageObject\",\"inLanguage\":\"fr-FR\",\"@id\":\"https:\/\/pay4less.ma\/?product=bain-dhuile-midea-9-elements-2000w-noir#primaryimage\",\"url\":\"https:\/\/pay4less.ma\/wp-content\/uploads\/2026\/01\/lg-f4v9rc9p-11.png\",\"contentUrl\":\"https:\/\/pay4less.ma\/wp-content\/uploads\/2026\/01\/lg-f4v9rc9p-11.png\",\"width\":700,\"height\":800},{\"@type\":\"BreadcrumbList\",\"@id\":\"https:\/\/pay4less.ma\/?product=bain-dhuile-midea-9-elements-2000w-noir#breadcrumb\",\"itemListElement\":[{\"@type\":\"ListItem\",\"position\":1,\"name\":\"Accueil\",\"item\":\"https:\/\/pay4less.ma\/\"},{\"@type\":\"ListItem\",\"position\":2,\"name\":\"Shop\",\"item\":\"https:\/\/pay4less.ma\/?page_id=10644\"},{\"@type\":\"ListItem\",\"position\":3,\"name\":\"BAIN D&rsquo;HUILE MIDEA 9 \u00c9L\u00c9MENTS 2000W NOIR\"}]},{\"@type\":\"WebSite\",\"@id\":\"https:\/\/pay4less.ma\/#website\",\"url\":\"https:\/\/pay4less.ma\/\",\"name\":\"PAYLESS MAROC\",\"description\":\"PAYLESS \u2013 Votre sp\u00e9cialiste en \u00e9lectrom\u00e9nager, TV et PC au Maroc. Qualit\u00e9, prix justes et service de confiance.\",\"publisher\":{\"@id\":\"https:\/\/pay4less.ma\/#organization\"},\"alternateName\":\"PAY4LESS\",\"potentialAction\":[{\"@type\":\"SearchAction\",\"target\":{\"@type\":\"EntryPoint\",\"urlTemplate\":\"https:\/\/pay4less.ma\/?s={search_term_string}\"},\"query-input\":{\"@type\":\"PropertyValueSpecification\",\"valueRequired\":true,\"valueName\":\"search_term_string\"}}],\"inLanguage\":\"fr-FR\"},{\"@type\":\"Organization\",\"@id\":\"https:\/\/pay4less.ma\/#organization\",\"name\":\"PAYLESS MAROC\",\"alternateName\":\"PAY4LESS\",\"url\":\"https:\/\/pay4less.ma\/\",\"logo\":{\"@type\":\"ImageObject\",\"inLanguage\":\"fr-FR\",\"@id\":\"https:\/\/pay4less.ma\/#\/schema\/logo\/image\/\",\"url\":\"https:\/\/pay4less.ma\/wp-content\/uploads\/2025\/12\/350X100-PX.png\",\"contentUrl\":\"https:\/\/pay4less.ma\/wp-content\/uploads\/2025\/12\/350X100-PX.png\",\"width\":350,\"height\":100,\"caption\":\"PAYLESS MAROC\"},\"image\":{\"@id\":\"https:\/\/pay4less.ma\/#\/schema\/logo\/image\/\"},\"sameAs\":[\"https:\/\/www.facebook.com\/paylessmaroc\",\"https:\/\/instagram.com\/paylessmaroc1\"]}]}<\/script>\n<!-- \/ Yoast SEO Premium plugin. -->","yoast_head_json":{"title":"BAIN D'HUILE MIDEA 9 \u00c9L\u00c9MENTS 2000W NOIR - PAYLESS MAROC","robots":{"index":"index","follow":"follow","max-snippet":"max-snippet:-1","max-image-preview":"max-image-preview:large","max-video-preview":"max-video-preview:-1"},"canonical":"https:\/\/pay4less.ma\/?product=bain-dhuile-midea-9-elements-2000w-noir","og_locale":"fr_FR","og_type":"article","og_title":"BAIN D'HUILE MIDEA 9 \u00c9L\u00c9MENTS 2000W NOIR","og_description":"MARQUE : MIDEA  TYPE : ELECTRIQUE  PUISSANCE : 2000 W  CONTROLE : MECANIQUE  ZONE APPLICABLE : 10-15m\u00b2","og_url":"https:\/\/pay4less.ma\/?product=bain-dhuile-midea-9-elements-2000w-noir","og_site_name":"PAYLESS MAROC","article_publisher":"https:\/\/www.facebook.com\/paylessmaroc","article_modified_time":"2026-01-09T10:34:26+00:00","og_image":[{"width":700,"height":800,"url":"https:\/\/pay4less.ma\/wp-content\/uploads\/2026\/01\/lg-f4v9rc9p-11.png","type":"image\/png"}],"twitter_card":"summary_large_image","schema":{"@context":"https:\/\/schema.org","@graph":[{"@type":"WebPage","@id":"https:\/\/pay4less.ma\/?product=bain-dhuile-midea-9-elements-2000w-noir","url":"https:\/\/pay4less.ma\/?product=bain-dhuile-midea-9-elements-2000w-noir","name":"BAIN D'HUILE MIDEA 9 \u00c9L\u00c9MENTS 2000W NOIR - PAYLESS MAROC","isPartOf":{"@id":"https:\/\/pay4less.ma\/#website"},"primaryImageOfPage":{"@id":"https:\/\/pay4less.ma\/?product=bain-dhuile-midea-9-elements-2000w-noir#primaryimage"},"image":{"@id":"https:\/\/pay4less.ma\/?product=bain-dhuile-midea-9-elements-2000w-noir#primaryimage"},"thumbnailUrl":"https:\/\/pay4less.ma\/wp-content\/uploads\/2026\/01\/lg-f4v9rc9p-11.png","datePublished":"2026-01-09T09:27:01+00:00","dateModified":"2026-01-09T10:34:26+00:00","breadcrumb":{"@id":"https:\/\/pay4less.ma\/?product=bain-dhuile-midea-9-elements-2000w-noir#breadcrumb"},"inLanguage":"fr-FR","potentialAction":[{"@type":"ReadAction","target":["https:\/\/pay4less.ma\/?product=bain-dhuile-midea-9-elements-2000w-noir"]}]},{"@type":"ImageObject","inLanguage":"fr-FR","@id":"https:\/\/pay4less.ma\/?product=bain-dhuile-midea-9-elements-2000w-noir#primaryimage","url":"https:\/\/pay4less.ma\/wp-content\/uploads\/2026\/01\/lg-f4v9rc9p-11.png","contentUrl":"https:\/\/pay4less.ma\/wp-content\/uploads\/2026\/01\/lg-f4v9rc9p-11.png","width":700,"height":800},{"@type":"BreadcrumbList","@id":"https:\/\/pay4less.ma\/?product=bain-dhuile-midea-9-elements-2000w-noir#breadcrumb","itemListElement":[{"@type":"ListItem","position":1,"name":"Accueil","item":"https:\/\/pay4less.ma\/"},{"@type":"ListItem","position":2,"name":"Shop","item":"https:\/\/pay4less.ma\/?page_id=10644"},{"@type":"ListItem","position":3,"name":"BAIN D&rsquo;HUILE MIDEA 9 \u00c9L\u00c9MENTS 2000W NOIR"}]},{"@type":"WebSite","@id":"https:\/\/pay4less.ma\/#website","url":"https:\/\/pay4less.ma\/","name":"PAYLESS MAROC","description":"PAYLESS \u2013 Votre sp\u00e9cialiste en \u00e9lectrom\u00e9nager, TV et PC au Maroc. Qualit\u00e9, prix justes et service de confiance.","publisher":{"@id":"https:\/\/pay4less.ma\/#organization"},"alternateName":"PAY4LESS","potentialAction":[{"@type":"SearchAction","target":{"@type":"EntryPoint","urlTemplate":"https:\/\/pay4less.ma\/?s={search_term_string}"},"query-input":{"@type":"PropertyValueSpecification","valueRequired":true,"valueName":"search_term_string"}}],"inLanguage":"fr-FR"},{"@type":"Organization","@id":"https:\/\/pay4less.ma\/#organization","name":"PAYLESS MAROC","alternateName":"PAY4LESS","url":"https:\/\/pay4less.ma\/","logo":{"@type":"ImageObject","inLanguage":"fr-FR","@id":"https:\/\/pay4less.ma\/#\/schema\/logo\/image\/","url":"https:\/\/pay4less.ma\/wp-content\/uploads\/2025\/12\/350X100-PX.png","contentUrl":"https:\/\/pay4less.ma\/wp-content\/uploads\/2025\/12\/350X100-PX.png","width":350,"height":100,"caption":"PAYLESS MAROC"},"image":{"@id":"https:\/\/pay4less.ma\/#\/schema\/logo\/image\/"},"sameAs":["https:\/\/www.facebook.com\/paylessmaroc","https:\/\/instagram.com\/paylessmaroc1"]}]}},"jetpack_sharing_enabled":true,"_links":{"self":[{"href":"https:\/\/pay4less.ma\/index.php?rest_route=\/wp\/v2\/product\/11214","targetHints":{"allow":["GET"]}}],"collection":[{"href":"https:\/\/pay4less.ma\/index.php?rest_route=\/wp\/v2\/product"}],"about":[{"href":"https:\/\/pay4less.ma\/index.php?rest_route=\/wp\/v2\/types\/product"}],"replies":[{"embeddable":true,"href":"https:\/\/pay4less.ma\/index.php?rest_route=%2Fwp%2Fv2%2Fcomments&post=11214"}],"version-history":[{"count":1,"href":"https:\/\/pay4less.ma\/index.php?rest_route=\/wp\/v2\/product\/11214\/revisions"}],"predecessor-version":[{"id":11216,"href":"https:\/\/pay4less.ma\/index.php?rest_route=\/wp\/v2\/product\/11214\/revisions\/11216"}],"wp:featuredmedia":[{"embeddable":true,"href":"https:\/\/pay4less.ma\/index.php?rest_route=\/wp\/v2\/media\/11215"}],"wp:attachment":[{"href":"https:\/\/pay4less.ma\/index.php?rest_route=%2Fwp%2Fv2%2Fmedia&parent=11214"}],"wp:term":[{"taxonomy":"product_brand","embeddable":true,"href":"https:\/\/pay4less.ma\/index.php?rest_route=%2Fwp%2Fv2%2Fproduct_brand&post=11214"},{"taxonomy":"product_cat","embeddable":true,"href":"https:\/\/pay4less.ma\/index.php?rest_route=%2Fwp%2Fv2%2Fproduct_cat&post=11214"},{"taxonomy":"product_tag","embeddable":true,"href":"https:\/\/pay4less.ma\/index.php?rest_route=%2Fwp%2Fv2%2Fproduct_tag&post=11214"}],"curies":[{"name":"wp","href":"https:\/\/api.w.org\/{rel}","templated":true}]}}